be n(q). Let o(z) = -z**2 - 2. Give o(p).
-2
Let r(w) = w + 14. Let j be r(-15). Let o be (6/(-4))/(j/(-2)). Let u(m) = m**2 + 7*m - 1. Determine u(o).
-13
Let l(k) = k**2 - 2*k + 2. Suppose -i + 29 = 1. Suppose -8*j + i = -4. Calculate l(j).
10
Let l = 582 - 587. Let f be -2*(-2)/4*2. Let c(q) = -5*q**f - 2 + 4*q - 2*q**3 + 9 + q**3. Calculate c(l).
-13
Let b(h) = 87 + 21*h - 5*h + 8*h**2 - 104 + 10*h**2 + h**3. Give b(-17).
0
Let u(a) = a**3 - 6*a**2 - 6*a - 5. Let t(o) = o**3 - 6*o**2 - 24*o - 21. Let n be t(9). Determine u(n).
-41
Let n(f) = -4*f + 1. Let j(r) = -5*r. Let x(d) = -d. Let c(w) = -j(w) + 6*x(w). Let v(i) = -3*c(i) + n(i). Calculate v(4).
-3
Suppose -2*q - 2*q = 24. Let r be 4*-1*3/q. Let b(v) = v + r*v + 0*v + v + 2. What is b(3)?
14
Suppose 9*b + 2*x - 4 = 5*b, 2 = 5*b + x. Let z be b + -2 + -2 - 2. Let u(s) = -s. Determine u(z).
6
Let f(n) = n**3 - n**2 - n - 3. Let h be f(0). Suppose -5 = 5*b - 25. Let u(m) = 3 + 0 - b - 3 - 3*m. What is u(h)?
5
Suppose 0 = -4*b - 3*k - 29, b + 0*b + 8 = -k. Let l(f) = 4 - 1 + 3*f - f + 2. Determine l(b).
-5
Let p be ((-575)/(-375) + 1/(-5))*-3. Let a(b) = 3*b**3 + 5*b**2 + 3*b - 1. Let t(y) = -10*y**3 - 15*y**2 - 9*y + 3. Let z(l) = -7*a(l) - 2*t(l). Give z(p).
-3
Let k(u) = -6*u**3 + u**2. Let i be (1/4)/((-1)/(-8)). Let c(a) = -2*a**2 - 5*a**2 - 6*a - 1 + 4*a**2 + 2*a**i. Let s be c(-6). Determine k(s).
7
Let u(c) = 6*c**3 - 4*c**2 + 2 - c**3 - 4*c**3. Calculate u(4).
2
Suppose 0 = 16*u + 47 + 33. Let d(g) be the second derivative of g + 0 + 1/2*g**2 - 1/6*g**3. Calculate d(u).
6
Let l(p) be the first derivative of -p**3 + p**2 + 3*p - 179. Give l(4).
-37
Let b = -342 + 350. Let f(m) = -m**2 + 8*m - 5. Determine f(b).
-5
Let p(q) = 2*q**3 + q**2 - 2*q + 3. Let m(f) = 0 - 1 + 7 + 3*f**3 - 2 - 3*f. Let r(j) = 3*m(j) - 4*p(j). Calculate r(5).
20
Let z = -25 + 26. Let n(i) = -3 - i - z + 3 - 6*i. Determine n(-1).
6
Let d(z) = -4*z - 4. Let p(n) = -n**2 + 7*n - 2. Let w be p(6). Suppose 3*o - 13 = w*o. Let j = o - -9. Give d(j).
12
Let z(n) = 74*n + 14 + 69*n + 4*n**2 - n**3 + 70*n - 215*n + 7*n**2. Calculate z(11).
-8
Let n(m) = -8*m + 8. Let u(j) = -7*j + 6. Let x(d) = -3*n(d) + 4*u(d). What is x(-1)?
4
Let b(r) = 2*r**2 + 11*r + 4. Let d = 408 - 415. Give b(d).
25
Let x(d) = 8*d. Let w(p) = -p**3 + 8*p**2 - 5*p - 12. Let a be -7*(-2 + (-5 - -6)). Let s be w(a). Calculate x(s).
16
Let t(a) be the second derivative of -a**8/6720 + a**7/504 + a**6/240 + a**5/20 - 3*a**4 + 23*a. Let z(m) be the third derivative of t(m). Give z(6).
-12
Let r(g) = -g**2 + 4*g + 31. Let h be r(8). Let b(v) = -v - 4. Determine b(h).
-3
Let p(w) = w**3 + 2*w**2 - 4*w - 3. Suppose 0 = -12*y + 7*y - 5. Let n be (-5)/(20/8) + y. What is p(n)?
0
Suppose 0 = -3*q - 4*o + 15, -2*o - 15 = -4*q + q. Suppose -k = 3*p + 4, 0 = p - 5*p - k - q. Let f(t) = t - 7*t**3 + 0*t**3 + t**2 + 0*t**3. Calculate f(p).
7
Let r(j) = -9*j. Let u be 18*-9*(-8)/324. Give r(u).
-36
Let v(l) = -26773*l - 2*l**2 - l**3 + 3 + 8*l**2 + 2*l**2 + 26770*l. What is v(8)?
-21
Let x(t) = -t + 11 - 7 + 0*t. Let a(m) = 5*m - 7. Let j be a(2). Determine x(j).
1
Let v be 2 + 0 + 21/3. Let m be (-102)/(-27) - (-2)/v. Let t = m - 6. Let z(x) = -2*x**3 - 2*x**2 + 2*x + 2. Determine z(t).
6
Let d(a) be the second derivative of -5*a**3/6 + a**2 + a. Suppose 4*f + 20 = 0, 3*f - 6 + 1 = -5*t. Suppose 7*z - 10 = t. Determine d(z).
-8
Let b(k) = 4*k**3 + k. Suppose 0 = c - 0 - 2. Suppose c*l = -4*h - 2, -2*h = -4*l - 0*h + 46. Let x be ((-1)/(-3))/(l/(-27)). Determine b(x).
-5
Let q(t) = 3*t + 5. Suppose 5*v = c - 144, -6*v + 2*v + 2*c = 120. Let m = v + 24. Give q(m).
-7
Let p(l) = 2*l**2 - 9*l - 3. Let z be p(5). Let g(h) = 3 - 3*h**z - 3*h**2 - 2 + 5*h + h**3. Give g(5).
1
Let a(r) be the second derivative of r**4/12 - 25*r**3/6 + 49*r**2/2 + r - 119. Calculate a(23).
3
Let j(b) = b**2 - 2*b + 1. Let o be j(2). Let l(v) = v + o + 12 - 18 + 14. Determine l(-6).
3
Let z(w) be the first derivative of -3*w**3 - w**2 - w - 2. Suppose -5*i = 10, 3*m + 10 = -i - 58. Let l = 21 + m. Calculate z(l).
-8
Let g(d) = 1 + 5*d + 2*d**2 - 6 - 3*d**2. Let l(x) = -7 + 68*x - 35*x - 35*x. Let h be l(-6). What is g(h)?
-5
Let k(v) = v**3 + 7*v**2 - 1. Let y be 1/(-10 - -9) - 1*6. Calculate k(y).
-1
Let r(v) be the second derivative of -17*v**4/12 + v**3/3 + v**2/2 + 144*v. Calculate r(-1).
-18
Let c(r) be the second derivative of 0 - 1/3*r**3 - 1/2*r**2 + 8*r. Determine c(1).
-3
Let l(c) = c**2 - 3*c + 8. Let n(h) = -h**2 + 25*h - 153. Let y be n(12). What is l(y)?
8
Let u(o) = 2*o**3 + 2*o**2 - 2*o. Let p be u(-2). Let c(r) = 0*r**3 + r**3 + 5 + 5*r**2 - 9*r**2 + 4*r**2 + 4*r**2. Calculate c(p).
5
Let w(s) be the second derivative of -s**3/6 + s**2/2 + 10*s. Let o(v) = -v - 2. Let k(a) = -o(a) - w(a). Calculate k(3).
7
Let o be ((0 - 2) + -3 - -4)*0. Let g(i) = i + 12. Give g(o).
12
Suppose -2*f + 3*w - 6 = 2*w, 12 = -4*f - 2*w. Let c(a) = -a**2 - a + 2. Let n(s) = 2*s**2 + s + 1. Let z(o) = -c(o) + n(o). What is z(f)?
20
Let n(u) be the second derivative of u**3/3 + 7*u**2/2 + 3*u + 2. Determine n(-9).
-11
Let c(l) be the first derivative of l**4/4 + 7*l**3/3 - l**2/2 - 10*l - 996. Let p = -13 - -6. What is c(p)?
-3
Let o(n) = 7*n**2 + 2*n - 8. Let x(p) = p**3 + p**2 - 3*p - 1. Let m(b) = o(b) - x(b). Calculate m(7).
-21
Let l(t) = -t**2 - 6*t + 5. Let u be l(-6). Let g be (-20)/u*(-2)/4. Let h(p) = 2*p + 0*p + 3*p**3 - g*p**3 - 1 + 5*p**2. What is h(-2)?
7
Let q(f) = 3*f**2 - 11*f - 2. Let l(g) = -11*g**2 + 39*g + 5. Let d(v) = 2*l(v) + 7*q(v). Calculate d(6).
-34
Let m(u) = u - 1. Let w(h) = 4*h - 8. Let d be 47/15 - 2/15. Let c(z) = d*m(z) - w(z). Determine c(8).
-3
Let x(t) = -t - 6. Suppose 5*f = -16*p + 17*p - 53, 0 = 3*f + 4*p + 41. Give x(f).
5
Let v be 19 - 21 - (0 + 3). Let j(u) = 2*u**2 + 7*u. Determine j(v).
15
Let y(z) = -z**3 + 2*z**2 + 4. Let a be y(0). Let j(w) = -3*w + 6. Calculate j(a).
-6
Let v = 27 + -63. Let s be (-4*1)/((-24)/v). Let f(o) = o + 6. What is f(s)?
0
Let f be 75/90*(-2 - -8). Let z(m) = -m**3 + 5*m**2 - 3*m + 21. Determine z(f).
6
Suppose 0 = 3*o - 4*o - 2. Let t(b) = 1 + 131*b - 133*b - 1. Let d(a) = 9*a - 1. Let n(w) = 2*d(w) + 11*t(w). Give n(o).
6
Let q(m) = 4*m - 54. Let v = -1082 - -1098. What is q(v)?
10
Suppose 35 = 5*x - 5*a, -4*a - 11 + 3 = 0. Let h(d) = x*d + 3 - 8*d + 2*d. Calculate h(6).
-3
Let k(z) = -7*z**3 - z - 4. Let q(t) = -9*t**3 + t**2 - 2*t - 5. Let w(v) = 5*k(v) - 4*q(v). Give w(3).
0
Let c(q) = 5*q**2 + 2*q - 4. Let n(u) = -6*u**2 - 3*u + 5. Let f(d) = -5*c(d) - 4*n(d). Suppose 19*h + 19 = 24*h + 3*j, 2*h - 4*j + 8 = 0. Calculate f(h).
0
Let x(y) = y + 3. Suppose -4*h - 20 = 0, 4*f - 4*h + 5*h - 11 = 0. Let m(j) = j + 5. Let k(a) = f*m(a) - 7*x(a). Let g = 6 - 8. Determine k(g).
5
Let x(s) be the second derivative of -s**5/20 - 7*s**4/12 + s**3/3 + 4*s**2 - 2*s. Suppose -7258*u = -7249*u + 63. What is x(u)?
-6
Let i = 13 + -11. Let x be 5/10*i*24. Suppose -4*q - x = -4. Let r(m) = -3*m - 6. Give r(q).
9
Let n(d) = -6*d**2 + 292*d - 281*d - 2*d**2 + 21 + 9*d**2. What is n(-9)?
3
Suppose 34*r + 92 - 25 = 33. Let d(n) be the third derivative of -n**4/24 - n**3/6 - 2*n**2. Calculate d(r).
0
Suppose 2*f + 3 = 5*f. Let y be -1 + 4 + f*(2 + -2). Let n(d) = -d**2 + 5*d - 4. What is n(y)?
2
Let m(y) = y**2 + 5*y + 3. Suppose -4*g + q - 192 = 0, 0 = -g - 4*g + 5*q - 240. Let t = g + 78. Suppose -i - 7 = 5*h + 23, 5*h = 4*i - t. Give m(h).
9
Suppose -x - 4 = -5*x. Let m(p) = 16*p**3 + 16*p**2 + 5*p - 5. Let u(i) = 11*i**3 + 10*i**2 + 3*i - 3. Let n(v) = -5*m(v) + 8*u(v). Determine n(x).
8
Let w(y) = -7*y**2 + 13*y - 9. Let a(p) = -11*p**2 + 19*p - 13. Let g(l) = 5*a(l) - 8*w(l). Suppose k + 3*b - 10 = 2*b, -3*b = -9. What is g(k)?
-7
Let p(i) = i - 16. Let t be p(11). Suppose 0 = -4*n - 5*a - 7, -3*a - 13 = n + 2*a. Let f(b) = 1 - b**2 + 0*b**2 + 3*b**2 + 6*b - b**n. Give f(t).
-4
Let t(p) = p**3 - 11*p**2 - 4*p + 24. Let v(o) = o**3 - 12*o**2 - 3*o + 30. Let h(n) = 5*t(n) - 4*v(n). Give h(8).
0
Let y be 12/(-5 - -1)*(-8)/4. Let j(x) be the first derivative of x - 1/2*x**2 + y. What is j(7)?
-6
Let z(f) = 65 - 37 - f - 34. Let w be 3/(3 + (140/8)/(-5)). Determine z(w).
0
Let d(m) = -12*m + 1. Let c = 65 - 56. Let q = -8 + c. D